{"id":153,"date":"2018-05-24T09:07:43","date_gmt":"2018-05-24T08:07:43","guid":{"rendered":"http:\/\/umv.753.mywebsitetransfer.com\/?page_id=153"},"modified":"2018-05-24T13:33:16","modified_gmt":"2018-05-24T12:33:16","slug":"datenschutzerklaerung","status":"publish","type":"page","link":"https:\/\/its-austria.at\/?page_id=153","title":{"rendered":"Datenschutzerkl\u00e4rung"},"content":{"rendered":"\n<style type=\"text\/css\" data-created_by=\"avia_inline_auto\" id=\"style-css-av-av_section-8e3a8c600f8dad10acd47626616ed19b\">\n.avia-section.av-av_section-8e3a8c600f8dad10acd47626616ed19b{\nbackground-repeat:no-repeat;\nbackground-image:url(https:\/\/its-austria.at\/wp-content\/uploads\/2018\/03\/banner.jpg);\nbackground-position:50% 50%;\nbackground-attachment:scroll;\n}\n<\/style>\n<div id='av_section_1'  class='avia-section av-av_section-8e3a8c600f8dad10acd47626616ed19b main_color avia-section-default avia-no-border-styling  avia-builder-el-0  el_before_av_heading  avia-builder-el-first  avia-full-stretch avia-bg-style-scroll av-minimum-height av-minimum-height-25 av-height-25  container_wrap fullsize'  data-section-bg-repeat='stretch' data-av_minimum_height_pc='25' data-av_min_height_opt='25'><div class='container av-section-cont-open' ><main  role=\"main\" itemprop=\"mainContentOfPage\"  class='template-page content  av-content-full alpha units'><div class='post-entry post-entry-type-page post-entry-153'><div class='entry-content-wrapper clearfix'>\n\n<style type=\"text\/css\" data-created_by=\"avia_inline_auto\" id=\"style-css-av-av_image-24a6f82cab4f5cfe8e431aba86c29f53\">\n.avia-image-container.av-av_image-24a6f82cab4f5cfe8e431aba86c29f53 img.avia_image{\nbox-shadow:none;\n}\n.avia-image-container.av-av_image-24a6f82cab4f5cfe8e431aba86c29f53 .av-image-caption-overlay-center{\ncolor:#ffffff;\n}\n<\/style>\n<div  class='avia-image-container av-av_image-24a6f82cab4f5cfe8e431aba86c29f53 av-styling- avia-align-right  avia-builder-el-1  avia-builder-el-no-sibling '   itemprop=\"image\" itemscope=\"itemscope\" itemtype=\"https:\/\/schema.org\/ImageObject\" ><div class=\"avia-image-container-inner\"><div class=\"avia-image-overlay-wrap\"><img decoding=\"async\" fetchpriority=\"high\" class='wp-image-19 avia-img-lazy-loading-not-19 avia_image ' src=\"https:\/\/its-austria.at\/wp-content\/uploads\/2018\/03\/itsa-283x300.png\" alt='' title='itsa'  height=\"300\" width=\"283\"  itemprop=\"thumbnailUrl\" srcset=\"https:\/\/its-austria.at\/wp-content\/uploads\/2018\/03\/itsa-283x300.png 283w, https:\/\/its-austria.at\/wp-content\/uploads\/2018\/03\/itsa.png 448w\" sizes=\"(max-width: 283px) 100vw, 283px\" \/><\/div><\/div><\/div>\n<\/div><\/div><\/main><!-- close content main element --><\/div><\/div><div id='after_section_1'  class='main_color av_default_container_wrap container_wrap fullsize'  ><div class='container av-section-cont-open' ><div class='template-page content  av-content-full alpha units'><div class='post-entry post-entry-type-page post-entry-153'><div class='entry-content-wrapper clearfix'>\n\n<style type=\"text\/css\" data-created_by=\"avia_inline_auto\" id=\"style-css-av-av_heading-e419e9bc964ba8e4e4bf2eae0591eaf8\">\n#top .av-special-heading.av-av_heading-e419e9bc964ba8e4e4bf2eae0591eaf8{\npadding-bottom:10px;\ncolor:#2d5c88;\n}\nbody .av-special-heading.av-av_heading-e419e9bc964ba8e4e4bf2eae0591eaf8 .av-special-heading-tag .heading-char{\nfont-size:25px;\n}\n.av-special-heading.av-av_heading-e419e9bc964ba8e4e4bf2eae0591eaf8 .special-heading-inner-border{\nborder-color:#2d5c88;\n}\n.av-special-heading.av-av_heading-e419e9bc964ba8e4e4bf2eae0591eaf8 .av-subheading{\nfont-size:15px;\n}\n<\/style>\n<div  class='av-special-heading av-av_heading-e419e9bc964ba8e4e4bf2eae0591eaf8 av-special-heading-h2 custom-color-heading  avia-builder-el-2  el_after_av_section  el_before_av_textblock  avia-builder-el-first '><h2 class='av-special-heading-tag '  itemprop=\"headline\"  >Datenschutzerkl\u00e4rung<\/h2><div class=\"special-heading-border\"><div class=\"special-heading-inner-border\"><\/div><\/div><\/div>\n\n<style type=\"text\/css\" data-created_by=\"avia_inline_auto\" id=\"style-css-av-av_textblock-352afc35c842fc84891e91dfc27c56b5\">\n#top .av_textblock_section.av-av_textblock-352afc35c842fc84891e91dfc27c56b5 .avia_textblock{\nfont-size:18px;\n}\n<\/style>\n<section  class='av_textblock_section av-av_textblock-352afc35c842fc84891e91dfc27c56b5 '   itemscope=\"itemscope\" itemtype=\"https:\/\/schema.org\/CreativeWork\" ><div class='avia_textblock'  itemprop=\"text\" ><p>Der Schutz Ihrer pers\u00f6nlichen Daten ist uns ein besonderes Anliegen. Wir verarbeiten Ihre Daten daher ausschlie\u00dflich auf Grundlage der gesetzlichen Bestimmungen (DSGVO, TKG 2003). In diesen Datenschutzinformationen informieren wir Sie \u00fcber die wichtigsten Aspekte der Datenverarbeitung im Rahmen unserer Website.<\/p>\n<\/div><\/section>\n\n<style type=\"text\/css\" data-created_by=\"avia_inline_auto\" id=\"style-css-av-av_heading-dabbae1ed27260034ed2524cb3af4b9e\">\n#top .av-special-heading.av-av_heading-dabbae1ed27260034ed2524cb3af4b9e{\npadding-bottom:10px;\n}\nbody .av-special-heading.av-av_heading-dabbae1ed27260034ed2524cb3af4b9e .av-special-heading-tag .heading-char{\nfont-size:25px;\n}\n.av-special-heading.av-av_heading-dabbae1ed27260034ed2524cb3af4b9e .av-subheading{\nfont-size:15px;\n}\n<\/style>\n<div  class='av-special-heading av-av_heading-dabbae1ed27260034ed2524cb3af4b9e av-special-heading-h3  avia-builder-el-4  el_after_av_textblock  el_before_av_textblock '><h3 class='av-special-heading-tag '  itemprop=\"headline\"  >Kontakt mit uns<\/h3><div class=\"special-heading-border\"><div class=\"special-heading-inner-border\"><\/div><\/div><\/div>\n\n<style type=\"text\/css\" data-created_by=\"avia_inline_auto\" id=\"style-css-av-av_textblock-352afc35c842fc84891e91dfc27c56b5\">\n#top .av_textblock_section.av-av_textblock-352afc35c842fc84891e91dfc27c56b5 .avia_textblock{\nfont-size:18px;\n}\n<\/style>\n<section  class='av_textblock_section av-av_textblock-352afc35c842fc84891e91dfc27c56b5 '   itemscope=\"itemscope\" itemtype=\"https:\/\/schema.org\/CreativeWork\" ><div class='avia_textblock'  itemprop=\"text\" ><p>Wenn Sie per Formular auf der Website oder per E-Mail Kontakt mit uns aufnehmen, werden Ihre angegebenen Daten zwecks Bearbeitung der Anfrage und f\u00fcr den Fall von Anschlussfragen sechs Monate bei uns gespeichert. Diese Daten geben wir nicht ohne Ihre Einwilligung weiter.<\/p>\n<\/div><\/section>\n\n<style type=\"text\/css\" data-created_by=\"avia_inline_auto\" id=\"style-css-av-av_heading-b037bb1000bd0bfb15d34dd7571c750e\">\n#top .av-special-heading.av-av_heading-b037bb1000bd0bfb15d34dd7571c750e{\npadding-bottom:10px;\n}\nbody .av-special-heading.av-av_heading-b037bb1000bd0bfb15d34dd7571c750e .av-special-heading-tag .heading-char{\nfont-size:25px;\n}\n.av-special-heading.av-av_heading-b037bb1000bd0bfb15d34dd7571c750e .av-subheading{\nfont-size:15px;\n}\n<\/style>\n<div  class='av-special-heading av-av_heading-b037bb1000bd0bfb15d34dd7571c750e av-special-heading-h3  avia-builder-el-6  el_after_av_textblock  el_before_av_textblock '><h3 class='av-special-heading-tag '  itemprop=\"headline\"  >Datenspeicherung<\/h3><div class=\"special-heading-border\"><div class=\"special-heading-inner-border\"><\/div><\/div><\/div>\n\n<style type=\"text\/css\" data-created_by=\"avia_inline_auto\" id=\"style-css-av-av_textblock-352afc35c842fc84891e91dfc27c56b5\">\n#top .av_textblock_section.av-av_textblock-352afc35c842fc84891e91dfc27c56b5 .avia_textblock{\nfont-size:18px;\n}\n<\/style>\n<section  class='av_textblock_section av-av_textblock-352afc35c842fc84891e91dfc27c56b5 '   itemscope=\"itemscope\" itemtype=\"https:\/\/schema.org\/CreativeWork\" ><div class='avia_textblock'  itemprop=\"text\" ><p>Wir weisen darauf hin, dass die folgenden personenbezogenen Daten von uns gespeichert und verarbeitet werden: Name, Anschrift. Die von Ihnen bereitgestellten Daten sind zur Vertragserf\u00fcllung bzw zur Durchf\u00fchrung vorvertraglicher Ma\u00dfnahmen erforderlich.<br \/>\n<br class=\"\" \/>Eine Daten\u00fcbermittlung an Dritte erfolgt nicht, mit Ausnahme der \u00dcbermittlung der Detailinformationen der Zahlungsabwicklung (Zahlungsart, zu zahlender Betrag, Transaktions-ID) an die abwickelnden Bankinstitute\/Zahlungsdienstleister zum Zwecke der Abbuchung des Kaufpreises, an das von uns beauftragte Transportunternehmen\/Versandunternehmen zur Zustellung der Ware sowie an unseren Steuerberater zur Erf\u00fcllung unserer steuerrechtlichen Verpflichtungen.<br \/>\n<br class=\"\" \/>Im Falle eines Vertragsabschlusses werden s\u00e4mtliche Daten aus dem Vertragsverh\u00e4ltnis bis zum Ablauf der durch Gesetz und\/oder durch die Notwendigkeit zur umfassenden Rechtsverteidigung\/Rechtsverfolgung vorgegebenen Aufbewahrungsfristen gespeichert.<br \/>\n<br class=\"\" \/>Die Datenverarbeitung erfolgt auf Basis der gesetzlichen Bestimmungen des \u00a7 96 Abs 3 TKG, des Art 6 Abs 1 lit a (Einwilligung) und lit b (notwendig zur Vertragserf\u00fcllung) DSGVO sowie aus berechtigten Interessen im Sinne des Artikel 6 Absatz 1 lit f DSGVO. Letztere sind nicht zuletzt durch die vertragliche Beziehung zwischen den Vertragspartnern indiziert; \u00fcberwiegende (gegenl\u00e4ufige) Interessen des Betroffenen liegen nicht vor.<\/p>\n<\/div><\/section>\n\n<style type=\"text\/css\" data-created_by=\"avia_inline_auto\" id=\"style-css-av-av_heading-84d6b0741808b21e8013496a59814379\">\n#top .av-special-heading.av-av_heading-84d6b0741808b21e8013496a59814379{\npadding-bottom:10px;\n}\nbody .av-special-heading.av-av_heading-84d6b0741808b21e8013496a59814379 .av-special-heading-tag .heading-char{\nfont-size:25px;\n}\n.av-special-heading.av-av_heading-84d6b0741808b21e8013496a59814379 .av-subheading{\nfont-size:15px;\n}\n<\/style>\n<div  class='av-special-heading av-av_heading-84d6b0741808b21e8013496a59814379 av-special-heading-h3  avia-builder-el-8  el_after_av_textblock  el_before_av_textblock '><h3 class='av-special-heading-tag '  itemprop=\"headline\"  >Cookies<\/h3><div class=\"special-heading-border\"><div class=\"special-heading-inner-border\"><\/div><\/div><\/div>\n\n<style type=\"text\/css\" data-created_by=\"avia_inline_auto\" id=\"style-css-av-av_textblock-352afc35c842fc84891e91dfc27c56b5\">\n#top .av_textblock_section.av-av_textblock-352afc35c842fc84891e91dfc27c56b5 .avia_textblock{\nfont-size:18px;\n}\n<\/style>\n<section  class='av_textblock_section av-av_textblock-352afc35c842fc84891e91dfc27c56b5 '   itemscope=\"itemscope\" itemtype=\"https:\/\/schema.org\/CreativeWork\" ><div class='avia_textblock'  itemprop=\"text\" ><p>Unsere Website verwendet sogenannte Cookies. Dabei handelt es sich um kleine Textdateien, die mit Hilfe des Browsers auf Ihrem Endger\u00e4t abgelegt werden. Diese richten keinen Schaden an.<br \/>\n<br class=\"\" \/>Wir nutzen Cookies dazu, unser Angebot nutzerfreundlich zu gestalten. Einige Cookies bleiben auf Ihrem Endger\u00e4t gespeichert, bis Sie diese l\u00f6schen. Sie erm\u00f6glichen es uns, Ihren Browser beim n\u00e4chsten Besuch wiederzuerkennen.<br \/>\n<br class=\"\" \/>Wenn Sie dies nicht w\u00fcnschen, so k\u00f6nnen Sie Ihren Browser so einrichten, dass er Sie \u00fcber das Setzen von Cookies informiert und Sie dies nur im Einzelfall erlauben.Bei der Deaktivierung von Cookies kann die Funktionalit\u00e4t unserer Website eingeschr\u00e4nkt sein.<\/p>\n<\/div><\/section>\n\n<style type=\"text\/css\" data-created_by=\"avia_inline_auto\" id=\"style-css-av-av_heading-94716b354b6f6cecbb79acb67dd30218\">\n#top .av-special-heading.av-av_heading-94716b354b6f6cecbb79acb67dd30218{\npadding-bottom:10px;\n}\nbody .av-special-heading.av-av_heading-94716b354b6f6cecbb79acb67dd30218 .av-special-heading-tag .heading-char{\nfont-size:25px;\n}\n.av-special-heading.av-av_heading-94716b354b6f6cecbb79acb67dd30218 .av-subheading{\nfont-size:15px;\n}\n<\/style>\n<div  class='av-special-heading av-av_heading-94716b354b6f6cecbb79acb67dd30218 av-special-heading-h3  avia-builder-el-10  el_after_av_textblock  el_before_av_textblock '><h3 class='av-special-heading-tag '  itemprop=\"headline\"  >Web-Analyse<\/h3><div class=\"special-heading-border\"><div class=\"special-heading-inner-border\"><\/div><\/div><\/div>\n\n<style type=\"text\/css\" data-created_by=\"avia_inline_auto\" id=\"style-css-av-av_textblock-352afc35c842fc84891e91dfc27c56b5\">\n#top .av_textblock_section.av-av_textblock-352afc35c842fc84891e91dfc27c56b5 .avia_textblock{\nfont-size:18px;\n}\n<\/style>\n<section  class='av_textblock_section av-av_textblock-352afc35c842fc84891e91dfc27c56b5 '   itemscope=\"itemscope\" itemtype=\"https:\/\/schema.org\/CreativeWork\" ><div class='avia_textblock'  itemprop=\"text\" ><p>Unsere Website verwendet Funktionen des Webanalysedienstes Google Analytics, einen Webanalysedienst der Google Inc, 1600 Amphitheatre Parkway Mountain View, CA 94043, USA (\u201eGoogle\u201c) auf der Rechtsgrundlage des \u00fcberwiegenden berechtigten Interesses (Analyse der Websitenutzung). Wir haben dazu mit Google einen Vertrag zur Auftragsdatenverarbeitung abgeschlossen.<br \/>\n<br class=\"\" \/>Beim Aufruf unserer Website wird \u00fcber eine Software eine Verbindung zu den Servern von Google hergestellt und Daten an teils in den USA befindliche Server von Google \u00fcbermittelt. Google Analytics verwendet zudem Cookies zur Speicherung von Informationen \u00fcber den Website-Benutzer und zur Analyse der Benutzung der Website durch die Website-Benutzer.<br \/>\n<br class=\"\" \/>Laut Angaben von Google wird Google die erhobenen Daten benutzen, um die Nutzung der Website auszuwerten, um Reports \u00fcber die Websiteaktivit\u00e4ten zusammenzustellen und um weitere mit der Websitenutzung und der Internetnutzung verbundene Dienstleistungen zu erbringen.Auch wird Google diese Informationen gegebenenfalls an Dritte \u00fcbertragen, sofern dies gesetzlich vorgeschrieben ist oder soweit Dritte diese Daten im Auftrag von Google verarbeiten.<br \/>\n<br class=\"\" \/>Detaillierte Informationen zum Umgang mit Nutzerdaten bei Google Analytics finden Sie in der Datenschutzerkl\u00e4rung von <a href=\"https:\/\/www.google.com\/intl\/de\/policies\/privacy\/\" target=\"_blank\" rel=\"noopener\">Google<\/a> bzw. von <a href=\"https:\/\/support.google.com\/analytics\/answer\/6004245?hl=de\" target=\"_blank\" rel=\"noopener\">Google Analytics<\/a><br \/>\n<br class=\"\" \/>Sie k\u00f6nnen die Erfassung Ihrer Nutzerdaten durch Google Analytics generell auf allen Websites verhindern, indem Sie das unter dem folgenden Link verf\u00fcgbare Browser-Plugin herunterladen und installieren: <a href=\"https:\/\/tools.google.com\/dlpage\/gaoptout?hl=de\" target=\"_blank\" rel=\"noopener\">https:\/\/tools.google.com\/dlpage\/gaoptout?hl=de<\/a><\/p>\n<\/div><\/section>\n\n<style type=\"text\/css\" data-created_by=\"avia_inline_auto\" id=\"style-css-av-av_heading-4c3e24be44ab9271140cb719edc6f620\">\n#top .av-special-heading.av-av_heading-4c3e24be44ab9271140cb719edc6f620{\npadding-bottom:10px;\n}\nbody .av-special-heading.av-av_heading-4c3e24be44ab9271140cb719edc6f620 .av-special-heading-tag .heading-char{\nfont-size:25px;\n}\n.av-special-heading.av-av_heading-4c3e24be44ab9271140cb719edc6f620 .av-subheading{\nfont-size:15px;\n}\n<\/style>\n<div  class='av-special-heading av-av_heading-4c3e24be44ab9271140cb719edc6f620 av-special-heading-h3  avia-builder-el-12  el_after_av_textblock  el_before_av_textblock '><h3 class='av-special-heading-tag '  itemprop=\"headline\"  >Ihre Rechte<\/h3><div class=\"special-heading-border\"><div class=\"special-heading-inner-border\"><\/div><\/div><\/div>\n\n<style type=\"text\/css\" data-created_by=\"avia_inline_auto\" id=\"style-css-av-av_textblock-352afc35c842fc84891e91dfc27c56b5\">\n#top .av_textblock_section.av-av_textblock-352afc35c842fc84891e91dfc27c56b5 .avia_textblock{\nfont-size:18px;\n}\n<\/style>\n<section  class='av_textblock_section av-av_textblock-352afc35c842fc84891e91dfc27c56b5 '   itemscope=\"itemscope\" itemtype=\"https:\/\/schema.org\/CreativeWork\" ><div class='avia_textblock'  itemprop=\"text\" ><p>Ihnen stehen grunds\u00e4tzlich die Rechte auf Auskunft, Berichtigung, L\u00f6schung, Einschr\u00e4nkung, Daten\u00fcbertragbarkeit, Widerruf und Widerspruch zu. Wenn Sie glauben, dass die Verarbeitung Ihrer Daten gegen das Datenschutzrecht verst\u00f6\u00dft oder Ihre datenschutzrechtlichen Anspr\u00fcche in sonstiger Weise verletzt worden sind, k\u00f6nnen Sie sich bei der Aufsichtsbeh\u00f6rde \u2013 in \u00d6sterreich ist dies die Datenschutzbeh\u00f6rde &#8211; beschweren.<\/p>\n<\/div><\/section>\n\n<style type=\"text\/css\" data-created_by=\"avia_inline_auto\" id=\"style-css-av-av_hr-4474f20d2389e2e5ecf918a02da5132e\">\n#top .hr.hr-invisible.av-av_hr-4474f20d2389e2e5ecf918a02da5132e{\nheight:50px;\n}\n<\/style>\n<div  class='hr av-av_hr-4474f20d2389e2e5ecf918a02da5132e hr-invisible  avia-builder-el-14  el_after_av_textblock  avia-builder-el-last '><span class='hr-inner '><span class=\"hr-inner-style\"><\/span><\/span><\/div>\n","protected":false},"excerpt":{"rendered":"","protected":false},"author":4,"featured_media":0,"parent":0,"menu_order":0,"comment_status":"closed","ping_status":"closed","template":"","meta":{"_monsterinsights_skip_tracking":false,"_monsterinsights_sitenote_active":false,"_monsterinsights_sitenote_note":"","_monsterinsights_sitenote_category":0,"footnotes":""},"class_list":["post-153","page","type-page","status-publish","hentry"],"_links":{"self":[{"href":"https:\/\/its-austria.at\/index.php?rest_route=\/wp\/v2\/pages\/153","targetHints":{"allow":["GET"]}}],"collection":[{"href":"https:\/\/its-austria.at\/index.php?rest_route=\/wp\/v2\/pages"}],"about":[{"href":"https:\/\/its-austria.at\/index.php?rest_route=\/wp\/v2\/types\/page"}],"author":[{"embeddable":true,"href":"https:\/\/its-austria.at\/index.php?rest_route=\/wp\/v2\/users\/4"}],"replies":[{"embeddable":true,"href":"https:\/\/its-austria.at\/index.php?rest_route=%2Fwp%2Fv2%2Fcomments&post=153"}],"version-history":[{"count":22,"href":"https:\/\/its-austria.at\/index.php?rest_route=\/wp\/v2\/pages\/153\/revisions"}],"predecessor-version":[{"id":187,"href":"https:\/\/its-austria.at\/index.php?rest_route=\/wp\/v2\/pages\/153\/revisions\/187"}],"wp:attachment":[{"href":"https:\/\/its-austria.at\/index.php?rest_route=%2Fwp%2Fv2%2Fmedia&parent=153"}],"curies":[{"name":"wp","href":"https:\/\/api.w.org\/{rel}","templated":true}]}}